
In base 10, what is -2 - 131?
-133
In base 3, what is 221 - 202?
12
In base 7, what is -104 - 5?
-112
In base 3, what is 2 - 1201?
-1122
In base 9, what is -228 - -15?
-213
In base 3, what is 11001 - 102?
10122
In base 3, what is 1 - -1101?
1102
In base 12, what is -1a + -38?
-56
In base 6, what is -1 - 53351?
-53352
In base 7, what is -1 + -2225?
-2226
In base 10, what is -1 + 113?
112
In base 2, what is -101011101100 - -11?
-101011101001
In base 13, what is b06 - -3?
b09
In base 8, what is 42 - -452?
514
In base 12, what is 1404 - -4?
1408
In base 6, what is 5 + -5155?
-5150
In base 2, what is -11001110 - 10001?
-11011111
In base 10, what is 3880 - 2?
3878
In base 12, what is -41 + 5?
-38
In base 7, what is 5 - 155?
-150
In base 5, what is 41 + 0?
41
In base 11, what is -88 + 3?
-85
In base 5, what is -332 - -10?
-322
In base 12, what is -247 + -b?
-256
In base 10, what is 1 + 1198?
1199
In base 13, what is 5 - b?
-6
In base 15, what is 85 - -55?
da
In base 2, what is 100 + 1001000100?
1001001000
In base 7, what is -2 - -351?
346
In base 5, what is 23422 - -2?
23424
In base 10, what is -28 - 13?
-41
In base 9, what is 202 + -7?
184
In base 11, what is 1 + 928?
929
In base 14, what is -4 + 1?
-3
In base 13, what is 6bc - 1?
6bb
In base 9, what is 775 + 0?
775
In base 3, what is 100201 + -21?
100110
In base 15, what is -24 + -a?
-2e
In base 8, what is -415 + 2?
-413
In base 16, what is -2 - -47?
45
In base 14, what is 1130 + -5?
1129
In base 4, what is -3 - -1002?
333
In base 9, what is -10 - -78?
68
In base 6, what is -1254 - -3?
-1251
In base 10, what is -12342 + -4?
-12346
In base 2, what is -1011000 + 100001011?
10110011
In base 3, what is -12 - 1010110?
-1010122
In base 10, what is -1 - 24?
-25
In base 7, what is 111 - -124?
235
In base 9, what is 658 - -4?
663
In base 11, what is 607 - 1?
606
In base 14, what is -5 + -29?
-30
In base 9, what is -20 + -6?
-26
In base 13, what is -8c2 + -2?
-8c4
In base 2, what is 1011 - 100011?
-11000
In base 2, what is -1 + -100010000001?
-100010000010
In base 12, what is -31 + -10?
-41
In base 16, what is -7d + -4?
-81
In base 15, what is -2b4 - 1c?
-2d1
In base 3, what is -12201 - 1022?
-21000
In base 16, what is 0 - 23?
-23
In base 12, what is -3 - -310?
309
In base 4, what is 11 - -121302?
121313
In base 11, what is -13 + 115?
102
In base 16, what is 3 - 537?
-534
In base 10, what is -5 + -263?
-268
In base 6, what is 41 - -1?
42
In base 12, what is -1 - 14?
-15
In base 7, what is 2 - 302?
-300
In base 15, what is 3 + -367?
-364
In base 6, what is 1 + -243?
-242
In base 5, what is -1 + -211330?
-211331
In base 16, what is -1 - -10?
f
In base 15, what is 2eed + 4?
3002
In base 3, what is 10 - 200?
-120
In base 2, what is 101 + 1011001?
1011110
In base 4, what is -2 - -21001?
20333
In base 14, what is -2 + 11d?
11b
In base 5, what is -423 + 10?
-413
In base 16, what is 13 - -2?
15
In base 15, what is -1 + c?
b
In base 6, what is -10 - -3430?
3420
In base 11, what is 0 - -34?
34
In base 14, what is 50 + -2?
4c
In base 6, what is 222521 - 5?
222512
In base 2, what is 100 - 11010011?
-11001111
In base 13, what is -3 + -344?
-347
In base 8, what is 115776 + -4?
115772
In base 13, what is 1272 + -5?
126a
In base 5, what is 10 + 113?
123
In base 13, what is -3 - -44?
41
In base 6, what is -40 + -1124?
-1204
In base 2, what is -1001101 - -11100?
-110001
In base 11, what is -2 + -9a?
-a1
In base 13, what is -4b5 - 4?
-4b9
In base 4, what is -23 + 320?
231
In base 10, what is -4 + 449?
445
In base 3, what is -2020 + 2221?
201
In base 13, what is 35 + -118?
-b3
In base 3, what is 210 - -10?
220
In base 9, what is 6 + 140?
146
In base 8, what is -25 + 10?
-15
In base 3, what is 100000 - -112?
100112
In base 6, what is -3113 + -11?
-3124
In base 15, what is -2 - -709?
707
In base 16, what is 6 - 1a?
-14
In base 3, what is 1 - -1000?
1001
In base 9, what is 6 + -114?
-107
In base 16, what is -fc + -2?
-fe
In base 7, what is 5 + -56?
-51
In base 11, what is -146 - -11?
-135
In base 13, what is -247 + 1?
-246
In base 16, what is -4 + -c02?
-c06
In base 4, what is 3 + -12?
-3
In base 13, what is -4 - -19?
15
In base 6, what is 2032 - -4?
2040
In base 7, what is -10123 - 5?
-10131
In base 11, what is a1 - 8?
94
In base 8, what is -600 + 4?
-574
In base 15, what is -27 - 2?
-29
In base 14, what is -6 + -461?
-467
In base 7, what is -213464 + -3?
-213500
In base 12, what is -6 - 96?
-a0
In base 13, what is 24c + -1?
24b
In base 5, what is 1032 + 3?
1040
In base 4, what is -131 - 111?
-302
In base 6, what is -15 + -1?
-20
In base 8, what is -6050 + -4?
-6054
In base 5, what is -4 - 4011?
-4020
In base 5, what is -100 - 0?
-100
In base 3, what is 2211 + -12?
2122
In base 13, what is -638 + 11?
-627
In base 7, what is -145 - 33?
-211
In base 2, what is -1 - 111000010?
-111000011
In base 12, what is -5 - 37?
-40
In base 7, what is -44 + 53?
6
In base 4, what is 12231 - -1?
12232
In base 12, what is 16 - 53?
-39
In base 5, what is 3102 - 10?
3042
In base 13, what is 2220 - 2?
221b
In base 13, what is -1 - 15?
-16
In base 12, what is -8b - -289?
1ba
In base 14, what is 19 + 8?
23
In base 8, what is 2 - 43?
-41
In base 5, what is 13 + -1201?
-1133
In base 9, what is 4 - 432?
-427
In base 9, what is 36 + 11?
47
In base 12, what is -a + 5a?
50
In base 6, what is -25254 - -4?
-25250
In base 2, what is -111 - -11001101?
11000110
In base 5, what is 212 - -10?
222
In base 10, what is 4 + -39?
-35
In base 12, what is -2 - 114?
-116
In base 2, what is -1011001 - 1011?
-1100100
In base 8, what is 2 + 1?
3
In base 4, what is -123 + -12?
-201
In base 8, what is 0 + -17?
-17
In base 13, what is 2 - 30?
-2b
In base 3, what is -122 - -2?
-120
In base 11, what is -100 - 37?
-137
In base 10, what is -5 - 4457?
-4462
In base 6, what is -34 + -43?
-121
In base 11, what is -61 - -2?
-5a
In base 4, what is -3 + -1313?
-1322
In base 16, what is 13 + -9?
a
In base 12, what is -82 + 5?
-79
In base 8, what is 26307 + 4?
26313
In base 16, what is -1206 - -5?
-1201
In base 5, what is -20 - -4421?
4401
In base 9, what is -11 + -27?
-38
In base 16, what is 3 - -533?
536
In base 9, what is 17 + 246?
264
In base 13, what is -12 - -17?
5
In base 11, what is -633 - 1?
-634
In base 8, what is 434 + -3?
431
In base 7, what is -10521 - 5?
-10526
In base 16, what is -17 - 51a?
-531
In base 11, what is -18 - 114?
-131
In base 2, what is 10 - 1000000?
-111110
In base 16, what is f69 + 5?
f6e
In base 2, what is -101100011001 + 11?
-101100010110
In base 9, what is -5 + 184?
178
In base 3, what is -1002 + -211?
-1220
In base 9, what is 26 - -12?
38
In base 9, what is 52 + -188?
-136
In base 13, what is 12 - -9?
1b
In base 5, what is -101413 - -2?
-101411
In base 3, what is -1010 + 11?
-222
In base 11, what is -367 + -3?
-36a
In base 9, what is -166 - -3?
-163
In base 3, what is 12 + -1210?
-1121
In base 6, what is 5 - 20035?
-20030
In base 15, what is -2290 + 4?
-228b
In base 6, what is 4 + -1523?
-1515
In base 13, what is 7 - 32b6?
-32ac
In base 6, what is 35 - -1103?
1142
In base 12, what is -46 + 4?
-42
In base 4, what is 12 - 212?
-200
In base 13, what is 179 - 6?
173
In base 7, what is 31 - -12?
43
In base 7, what is -133 + 21?
-112
In base 10, what is 4 + -369?
-365
In base 4, what is -2 - -12230?
12222
In base 8, what is 4 - -122?
126
In base 5, what is -2 - 22044?
-22101
In base 3, what is 12220 + 11020?
101010
In base 14, what is -b + -65?
-72
In base 8, what is 1 - -44?
45
In base 16, what is 3 + -6eb?
-6e8
In base 11, what is 855 - 4?
851
In base 3, what is 1110 - 2?
1101
In base 7, what is 2 + -612?
-610
In base 12, what is -77a + 2?
-778
In base 7, what is 6323 - 2?
6321
In base 12, what is -3 - 330?
-333
In base 7, what is -2241 - 14?
-2255
In base 13, what is -1 + 4?
3
In base 4, what is 22310 + 1?
22311
In base 13, what is 344 + 13?
357
In base 10, what is -3 - 47?
-50
In base 5, what is -3 - 133421?
-133424
In base 14, what is -1a - -2c8?
2ac
In base 6, what is -2 + 11?
5
In base 10, what is -1 + -2195?
-2196
In base 15, what is 17cb - 4?
17c7
In base 4, what is 1 - 1212?
-1211
In base 10, what is -1019 + 0?
-1019
In base 16, what is 5 - -12?
17
In base 4, what is 11 + 1032330?
1033001
In base 7, what is -26 - 4?
-33
In base 6, what is 4 - -130?